{"id":415,"date":"2015-11-17T04:19:36","date_gmt":"2015-11-17T04:19:36","guid":{"rendered":"http:\/\/logistics.stylemixthemes.com\/\/?page_id=415"},"modified":"2023-12-24T23:59:02","modified_gmt":"2023-12-24T20:59:02","slug":"hakkimizda","status":"publish","type":"page","link":"https:\/\/gunport.com.tr\/?page_id=415","title":{"rendered":"Hakk\u0131m\u0131zda"},"content":{"rendered":"<section class=\"wpb-content-wrapper\"><p>[vc_row css=&#8221;.vc_custom_1448604362911{margin-bottom: 100px !important;}&#8221;][vc_column offset=&#8221;vc_col-lg-9 vc_col-md-9&#8243;][vc_column_text css=&#8221;.vc_custom_1703451005619{margin-bottom: 30px !important;}&#8221;]<\/p>\n<h2>G\u00fcnport Antrepo ve Lojistik<\/h2>\n<p>G\u00dcNPORT Antrepo ve Lojistik, 2014 y\u0131l\u0131nda kurulmu\u015f gen\u00e7 ve dinamik bir \u015firkettir. D\u0131\u015f ticaret konusunda uzman kadrosuyla, m\u00fc\u015fteri odakl\u0131 hizmet anlay\u0131\u015f\u0131n\u0131 benimsemi\u015f ve sekt\u00f6rde h\u0131zl\u0131, g\u00fcvenilir ve rekabet\u00e7i fiyatlarla hizmet sunmay\u0131 ama\u00e7layan bir lojistik firmas\u0131d\u0131r. 6500 m\u00b2&#8217;lik kapal\u0131 alanda serbest depoculuk ve antrepo hizmeti sunarak, son teknoloji altyap\u0131s\u0131 ve i\u015f makineleriyle faaliyet g\u00f6stermektedir. Ayr\u0131ca, stratejik konumu sayesinde g\u00fcmr\u00fck m\u00fcd\u00fcrl\u00fcklerine yak\u0131n bir lokasyonda bulunmaktad\u0131r.<\/p>\n<p>&nbsp;<\/p>\n<h2>Misyonumuz<\/h2>\n<p>[\/vc_column_text][vc_row_inner css=&#8221;.vc_custom_1448605934156{margin-bottom: 80px !important;}&#8221;][vc_column_inner width=&#8221;1\/2&#8243;][vc_column_text css=&#8221;.vc_custom_1703451056893{margin-bottom: 30px !important;}&#8221;]<\/p>\n<ul class=\"style_3\">\n<li>M\u00fc\u015fteri memnuniyetini en \u00fcst seviyede tutmak.<\/li>\n<li>H\u0131zl\u0131 ve g\u00fcvenilir lojistik \u00e7\u00f6z\u00fcmleri sunmak.<\/li>\n<li>Yenilik\u00e7i teknoloji ve s\u00fcre\u00e7leri kullanarak sekt\u00f6rde \u00f6nc\u00fc olmak.<\/li>\n<li>Uzmanl\u0131k alanlar\u0131m\u0131zda s\u00fcrekli geli\u015fim sa\u011flamak.<\/li>\n<li>\u00c7evreye duyarl\u0131 ve s\u00fcrd\u00fcr\u00fclebilir bir i\u015f yap\u0131s\u0131n\u0131 benimsemek.<\/li>\n<\/ul>\n<p>[\/vc_column_text][\/vc_column_inner][vc_column_inner width=&#8221;1\/2&#8243;][vc_column_text]<\/p>\n<ul class=\"style_3\">\n<li>Personel memnuniyetini ve geli\u015fimini desteklemek.<\/li>\n<li>G\u00fcmr\u00fck i\u015flemlerinde kesintisiz ve profesyonel hizmet sa\u011flamak.<\/li>\n<li>M\u00fc\u015fterilerimize \u00f6zel \u00e7\u00f6z\u00fcmler \u00fcreterek onlar\u0131n ihtiya\u00e7lar\u0131na odaklanmak.<\/li>\n<li>Etik de\u011ferlere ve yasalara uygun hareket etmek.<\/li>\n<li>Sekt\u00f6rdeki en iyi standartlarda kaliteli hizmet sunmak.<\/li>\n<\/ul>\n<p>[\/vc_column_text][\/vc_column_inner][\/vc_row_inner][vc_custom_heading text=&#8221;S\u0131k\u00e7a Sorulan Sorular&#8221; use_theme_fonts=&#8221;yes&#8221;][vc_tta_accordion style=&#8221;outline&#8221; shape=&#8221;square&#8221; color=&#8221;theme_style&#8221; c_icon=&#8221;chevron&#8221; c_position=&#8221;right&#8221; active_section=&#8221;1&#8243; css=&#8221;.vc_custom_1448604377520{margin-bottom: 60px !important;}&#8221;][vc_tta_section title=&#8221;G\u00dcNPORT&#8217;un sundu\u011fu hizmetler nelerdir?&#8221; tab_id=&#8221;1447734797771-9e120a4a-d349&#8243;][vc_column_text]Depolama, antrepo hizmetleri, g\u00fcmr\u00fckleme, lojistik \u00e7\u00f6z\u00fcmleri.[\/vc_column_text][\/vc_tta_section][vc_tta_section title=&#8221;\u015eirketin konumu ve ula\u015f\u0131m\u0131 nas\u0131ld\u0131r?&#8221; tab_id=&#8221;1447734839113-ff62a5f8-66d2&#8243;][vc_column_text]Ambarl\u0131 G\u00fcmr\u00fck M\u00fcd\u00fcrl\u00fc\u011f\u00fc\u2019ne 14 km, Halkal\u0131 G\u00fcmr\u00fck M\u00fcd\u00fcrl\u00fc\u011f\u00fc\u2019ne 22 km, \u00c7atalca\u2019daki g\u00fcmr\u00fc\u011fe 21 km mesafede, \u00e7evre yollar\u0131na yak\u0131n bir lokasyonda.[\/vc_column_text][\/vc_tta_section][vc_tta_section title=&#8221;Depolama s\u00fcreleri ve \u00fccretlendirme nas\u0131l i\u015fliyor?&#8221; tab_id=&#8221;1447734838300-ee0e3a49-42dc&#8221;][vc_column_text]Depolama s\u00fcreleri m\u00fc\u015fteri ihtiya\u00e7lar\u0131na g\u00f6re de\u011fi\u015febilir. Depolama s\u00fcresi ve \u00fccretlendirme konusunda detayl\u0131 bilgi almak i\u00e7in l\u00fctfen bizimle ileti\u015fime ge\u00e7in.[\/vc_column_text][\/vc_tta_section][vc_tta_section title=&#8221;G\u00fcmr\u00fck i\u015flemleri i\u00e7in hangi destekler sunulmaktad\u0131r?&#8221; tab_id=&#8221;1447734836829-fbbe2256-8a36&#8243;][vc_column_text]G\u00fcmr\u00fck i\u015flemlerinde m\u00fc\u015fterilerimize profesyonel destek sa\u011fl\u0131yoruz. \u0130thalat ve ihracat s\u00fcre\u00e7lerinde gerekli belgelerin haz\u0131rlanmas\u0131, g\u00fcmr\u00fck beyannamelerinin d\u00fczenlenmesi ve di\u011fer g\u00fcmr\u00fck i\u015flemlerinde dan\u0131\u015fmanl\u0131k hizmeti sunuyoruz. Detayl\u0131 bilgi ve destek i\u00e7in bizimle ileti\u015fime ge\u00e7ebilirsiniz.[\/vc_column_text][\/vc_tta_section][vc_tta_section title=&#8221;G\u00dcNPORT&#8217;un teknoloji altyap\u0131s\u0131 hakk\u0131nda bilgi verebilir misiniz?&#8221; tab_id=&#8221;1447734835466-91e43159-b261&#8243;][vc_column_text]G\u00dcNPORT, son teknoloji altyap\u0131s\u0131 ve modern i\u015f makineleri ile donat\u0131lm\u0131\u015ft\u0131r. Depolama, g\u00fcmr\u00fckleme ve lojistik s\u00fcre\u00e7lerinde en etkili ve verimli hizmeti sunabilmek i\u00e7in s\u00fcrekli olarak teknolojiyi takip ediyor ve i\u015f s\u00fcre\u00e7lerimizi bu do\u011frultuda optimize ediyoruz. G\u00fcncel teknoloji ve ekipmanlarla \u00e7al\u0131\u015farak m\u00fc\u015fterilerimize y\u00fcksek kalitede hizmet sunmay\u0131 hedefliyoruz.[\/vc_column_text][\/vc_tta_section][\/vc_tta_accordion][\/vc_column][\/vc_row][vc_row full_width=&#8221;stretch_row&#8221; el_class=&#8221;secondary_bg_color&#8221; css=&#8221;.vc_custom_1447734480631{margin-bottom: 0px !important;}&#8221;][vc_column][vc_cta h2=&#8221;Hemen \u0130leti\u015fime Ge\u00e7in!&#8221; shape=&#8221;square&#8221; add_button=&#8221;right&#8221; btn_title=&#8221;Telefon ile Ara&#8221; btn_style=&#8221;outline&#8221; btn_shape=&#8221;round&#8221; btn_color=&#8221;white&#8221; btn_i_align=&#8221;right&#8221; btn_i_icon_fontawesome=&#8221;stm-arrow-next&#8221; btn_add_icon=&#8221;true&#8221; el_class=&#8221;secondary_bg_color&#8221; btn_link=&#8221;url:tel%3A02126523224&#8243;][\/vc_cta][\/vc_column][\/vc_row]<\/p>\n<\/section>","protected":false},"excerpt":{"rendered":"<p>[vc_row css=&#8221;.vc_custom_1448604362911{margin-bottom: 100px !important;}&#8221;][vc_column offset=&#8221;vc_col-lg-9 vc_col-md-9&#8243;][vc_column_text css=&#8221;.vc_custom_1703451005619{margin-bottom: 30px !important;}&#8221;] G\u00fcnport Antrepo ve Lojistik G\u00dcNPORT Antrepo ve Lojistik, 2014 y\u0131l\u0131nda kurulmu\u015f gen\u00e7 ve dinamik bir \u015firkettir. D\u0131\u015f ticaret konusunda uzman kadrosuyla, m\u00fc\u015fteri odakl\u0131 hizmet&#8230;<\/p>\n","protected":false},"author":1,"featured_media":0,"parent":0,"menu_order":0,"comment_status":"closed","ping_status":"closed","template":"","meta":{"footnotes":""},"class_list":["post-415","page","type-page","status-publish","hentry"],"yoast_head":"<!-- This site is optimized with the Yoast SEO plugin v21.7 - https:\/\/yoast.com\/wordpress\/plugins\/seo\/ -->\n<title>Hakk\u0131m\u0131zda - G\u00dcNPORT<\/title>\n<meta name=\"robots\" content=\"index, follow, max-snippet:-1, max-image-preview:large, max-video-preview:-1\" \/>\n<link rel=\"canonical\" href=\"https:\/\/gunport.com.tr\/?page_id=415\" \/>\n<meta property=\"og:locale\" content=\"tr_TR\" \/>\n<meta property=\"og:type\" content=\"article\" \/>\n<meta property=\"og:title\" content=\"Hakk\u0131m\u0131zda - G\u00dcNPORT\" \/>\n<meta property=\"og:description\" content=\"[vc_row css=&#8221;.vc_custom_1448604362911{margin-bottom: 100px !important;}&#8221;][vc_column offset=&#8221;vc_col-lg-9 vc_col-md-9&#8243;][vc_column_text css=&#8221;.vc_custom_1703451005619{margin-bottom: 30px !important;}&#8221;] G\u00fcnport Antrepo ve Lojistik G\u00dcNPORT Antrepo ve Lojistik, 2014 y\u0131l\u0131nda kurulmu\u015f gen\u00e7 ve dinamik bir \u015firkettir. D\u0131\u015f ticaret konusunda uzman kadrosuyla, m\u00fc\u015fteri odakl\u0131 hizmet...\" \/>\n<meta property=\"og:url\" content=\"https:\/\/gunport.com.tr\/?page_id=415\" \/>\n<meta property=\"og:site_name\" content=\"G\u00dcNPORT\" \/>\n<meta property=\"article:publisher\" content=\"https:\/\/www.facebook.com\/profile.php?id=109573543886909&amp;paipv=0&amp;eav=AfaHbsgmfQCvt-LVJ4GEWmICBbee8wN3_yhOjs6gFYruWbVSuHctbV1s5X1AJCUjoKw&amp;_rdr\" \/>\n<meta property=\"article:modified_time\" content=\"2023-12-24T20:59:02+00:00\" \/>\n<meta name=\"twitter:card\" content=\"summary_large_image\" \/>\n<meta name=\"twitter:label1\" content=\"Tahmini okuma s\u00fcresi\" \/>\n\t<meta name=\"twitter:data1\" content=\"4 dakika\" \/>\n<script type=\"application\/ld+json\" class=\"yoast-schema-graph\">{\"@context\":\"https:\/\/schema.org\",\"@graph\":[{\"@type\":\"WebPage\",\"@id\":\"https:\/\/gunport.com.tr\/?page_id=415\",\"url\":\"https:\/\/gunport.com.tr\/?page_id=415\",\"name\":\"Hakk\u0131m\u0131zda - G\u00dcNPORT\",\"isPartOf\":{\"@id\":\"https:\/\/gunport.com.tr\/#website\"},\"datePublished\":\"2015-11-17T04:19:36+00:00\",\"dateModified\":\"2023-12-24T20:59:02+00:00\",\"breadcrumb\":{\"@id\":\"https:\/\/gunport.com.tr\/?page_id=415#breadcrumb\"},\"inLanguage\":\"tr\",\"potentialAction\":[{\"@type\":\"ReadAction\",\"target\":[\"https:\/\/gunport.com.tr\/?page_id=415\"]}]},{\"@type\":\"BreadcrumbList\",\"@id\":\"https:\/\/gunport.com.tr\/?page_id=415#breadcrumb\",\"itemListElement\":[{\"@type\":\"ListItem\",\"position\":1,\"name\":\"Anasayfa\",\"item\":\"https:\/\/gunport.com.tr\/\"},{\"@type\":\"ListItem\",\"position\":2,\"name\":\"Hakk\u0131m\u0131zda\"}]},{\"@type\":\"WebSite\",\"@id\":\"https:\/\/gunport.com.tr\/#website\",\"url\":\"https:\/\/gunport.com.tr\/\",\"name\":\"G\u00dcNPORT\",\"description\":\"Antrepo ve Lojistik\",\"publisher\":{\"@id\":\"https:\/\/gunport.com.tr\/#organization\"},\"potentialAction\":[{\"@type\":\"SearchAction\",\"target\":{\"@type\":\"EntryPoint\",\"urlTemplate\":\"https:\/\/gunport.com.tr\/?s={search_term_string}\"},\"query-input\":\"required name=search_term_string\"}],\"inLanguage\":\"tr\"},{\"@type\":\"Organization\",\"@id\":\"https:\/\/gunport.com.tr\/#organization\",\"name\":\"G\u00dcNPORT\",\"url\":\"https:\/\/gunport.com.tr\/\",\"logo\":{\"@type\":\"ImageObject\",\"inLanguage\":\"tr\",\"@id\":\"https:\/\/gunport.com.tr\/#\/schema\/logo\/image\/\",\"url\":\"http:\/\/www.gunport.com.tr\/wp-content\/uploads\/2023\/12\/WhatsApp_Gorsel_2023-12-24_saat_23.31.56_9a4a72a7-removebg-preview-removebg-preview.png\",\"contentUrl\":\"http:\/\/www.gunport.com.tr\/wp-content\/uploads\/2023\/12\/WhatsApp_Gorsel_2023-12-24_saat_23.31.56_9a4a72a7-removebg-preview-removebg-preview.png\",\"width\":444,\"height\":146,\"caption\":\"G\u00dcNPORT\"},\"image\":{\"@id\":\"https:\/\/gunport.com.tr\/#\/schema\/logo\/image\/\"},\"sameAs\":[\"https:\/\/www.facebook.com\/profile.php?id=109573543886909&paipv=0&eav=AfaHbsgmfQCvt-LVJ4GEWmICBbee8wN3_yhOjs6gFYruWbVSuHctbV1s5X1AJCUjoKw&_rdr\",\"https:\/\/www.instagram.com\/gunportantrepolojistik\/\",\"https:\/\/g.co\/kgs\/AQiH8u\"]}]}<\/script>\n<!-- \/ Yoast SEO plugin. -->","yoast_head_json":{"title":"Hakk\u0131m\u0131zda - G\u00dcNPORT","robots":{"index":"index","follow":"follow","max-snippet":"max-snippet:-1","max-image-preview":"max-image-preview:large","max-video-preview":"max-video-preview:-1"},"canonical":"https:\/\/gunport.com.tr\/?page_id=415","og_locale":"tr_TR","og_type":"article","og_title":"Hakk\u0131m\u0131zda - G\u00dcNPORT","og_description":"[vc_row css=&#8221;.vc_custom_1448604362911{margin-bottom: 100px !important;}&#8221;][vc_column offset=&#8221;vc_col-lg-9 vc_col-md-9&#8243;][vc_column_text css=&#8221;.vc_custom_1703451005619{margin-bottom: 30px !important;}&#8221;] G\u00fcnport Antrepo ve Lojistik G\u00dcNPORT Antrepo ve Lojistik, 2014 y\u0131l\u0131nda kurulmu\u015f gen\u00e7 ve dinamik bir \u015firkettir. D\u0131\u015f ticaret konusunda uzman kadrosuyla, m\u00fc\u015fteri odakl\u0131 hizmet...","og_url":"https:\/\/gunport.com.tr\/?page_id=415","og_site_name":"G\u00dcNPORT","article_publisher":"https:\/\/www.facebook.com\/profile.php?id=109573543886909&paipv=0&eav=AfaHbsgmfQCvt-LVJ4GEWmICBbee8wN3_yhOjs6gFYruWbVSuHctbV1s5X1AJCUjoKw&_rdr","article_modified_time":"2023-12-24T20:59:02+00:00","twitter_card":"summary_large_image","twitter_misc":{"Tahmini okuma s\u00fcresi":"4 dakika"},"schema":{"@context":"https:\/\/schema.org","@graph":[{"@type":"WebPage","@id":"https:\/\/gunport.com.tr\/?page_id=415","url":"https:\/\/gunport.com.tr\/?page_id=415","name":"Hakk\u0131m\u0131zda - G\u00dcNPORT","isPartOf":{"@id":"https:\/\/gunport.com.tr\/#website"},"datePublished":"2015-11-17T04:19:36+00:00","dateModified":"2023-12-24T20:59:02+00:00","breadcrumb":{"@id":"https:\/\/gunport.com.tr\/?page_id=415#breadcrumb"},"inLanguage":"tr","potentialAction":[{"@type":"ReadAction","target":["https:\/\/gunport.com.tr\/?page_id=415"]}]},{"@type":"BreadcrumbList","@id":"https:\/\/gunport.com.tr\/?page_id=415#breadcrumb","itemListElement":[{"@type":"ListItem","position":1,"name":"Anasayfa","item":"https:\/\/gunport.com.tr\/"},{"@type":"ListItem","position":2,"name":"Hakk\u0131m\u0131zda"}]},{"@type":"WebSite","@id":"https:\/\/gunport.com.tr\/#website","url":"https:\/\/gunport.com.tr\/","name":"G\u00dcNPORT","description":"Antrepo ve Lojistik","publisher":{"@id":"https:\/\/gunport.com.tr\/#organization"},"potentialAction":[{"@type":"SearchAction","target":{"@type":"EntryPoint","urlTemplate":"https:\/\/gunport.com.tr\/?s={search_term_string}"},"query-input":"required name=search_term_string"}],"inLanguage":"tr"},{"@type":"Organization","@id":"https:\/\/gunport.com.tr\/#organization","name":"G\u00dcNPORT","url":"https:\/\/gunport.com.tr\/","logo":{"@type":"ImageObject","inLanguage":"tr","@id":"https:\/\/gunport.com.tr\/#\/schema\/logo\/image\/","url":"http:\/\/www.gunport.com.tr\/wp-content\/uploads\/2023\/12\/WhatsApp_Gorsel_2023-12-24_saat_23.31.56_9a4a72a7-removebg-preview-removebg-preview.png","contentUrl":"http:\/\/www.gunport.com.tr\/wp-content\/uploads\/2023\/12\/WhatsApp_Gorsel_2023-12-24_saat_23.31.56_9a4a72a7-removebg-preview-removebg-preview.png","width":444,"height":146,"caption":"G\u00dcNPORT"},"image":{"@id":"https:\/\/gunport.com.tr\/#\/schema\/logo\/image\/"},"sameAs":["https:\/\/www.facebook.com\/profile.php?id=109573543886909&paipv=0&eav=AfaHbsgmfQCvt-LVJ4GEWmICBbee8wN3_yhOjs6gFYruWbVSuHctbV1s5X1AJCUjoKw&_rdr","https:\/\/www.instagram.com\/gunportantrepolojistik\/","https:\/\/g.co\/kgs\/AQiH8u"]}]}},"_links":{"self":[{"href":"https:\/\/gunport.com.tr\/index.php?rest_route=\/wp\/v2\/pages\/415","targetHints":{"allow":["GET"]}}],"collection":[{"href":"https:\/\/gunport.com.tr\/index.php?rest_route=\/wp\/v2\/pages"}],"about":[{"href":"https:\/\/gunport.com.tr\/index.php?rest_route=\/wp\/v2\/types\/page"}],"author":[{"embeddable":true,"href":"https:\/\/gunport.com.tr\/index.php?rest_route=\/wp\/v2\/users\/1"}],"replies":[{"embeddable":true,"href":"https:\/\/gunport.com.tr\/index.php?rest_route=%2Fwp%2Fv2%2Fcomments&post=415"}],"version-history":[{"count":2,"href":"https:\/\/gunport.com.tr\/index.php?rest_route=\/wp\/v2\/pages\/415\/revisions"}],"predecessor-version":[{"id":1409,"href":"https:\/\/gunport.com.tr\/index.php?rest_route=\/wp\/v2\/pages\/415\/revisions\/1409"}],"wp:attachment":[{"href":"https:\/\/gunport.com.tr\/index.php?rest_route=%2Fwp%2Fv2%2Fmedia&parent=415"}],"curies":[{"name":"wp","href":"https:\/\/api.w.org\/{rel}","templated":true}]}}