{"id":642,"date":"2015-11-24T05:41:19","date_gmt":"2015-11-24T05:41:19","guid":{"rendered":"http:\/\/logistics.stylemixthemes.com\/\/?page_id=642"},"modified":"2023-12-25T18:33:14","modified_gmt":"2023-12-25T15:33:14","slug":"hizmetlerimiz","status":"publish","type":"page","link":"https:\/\/gunport.com.tr\/?page_id=642","title":{"rendered":"Hizmetlerimiz"},"content":{"rendered":"<section class=\"wpb-content-wrapper\"><p>[vc_row css=&#8221;.vc_custom_1448347192284{margin-bottom: 70px !important;}&#8221;][vc_column offset=&#8221;vc_col-lg-4 vc_col-md-4&#8243;][vc_column_text css=&#8221;.vc_custom_1703452411645{margin-bottom: 40px !important;}&#8221;]<\/p>\n<h2>Do\u011fru fiyata Kalite ve Performans<\/h2>\n<p>[\/vc_column_text][\/vc_column][vc_column width=&#8221;1\/2&#8243; offset=&#8221;vc_col-lg-4 vc_col-md-4&#8243;][vc_column_text]D\u0131\u015f ticaret konusunda uzman kadrosuyla, m\u00fc\u015fteri odakl\u0131 hizmet anlay\u0131\u015f\u0131n\u0131 benimsemi\u015f ve sekt\u00f6rde h\u0131zl\u0131, g\u00fcvenilir ve rekabet\u00e7i fiyatlarla hizmet sunmay\u0131 ama\u00e7l\u0131yoruz. 6500 m\u00b2&#8217;lik kapal\u0131 alanda serbest depoculuk ve antrepo hizmeti sunarak, son teknoloji altyap\u0131s\u0131 ve i\u015f makineleriyle faaliyet g\u00f6stermekteyiz.[\/vc_column_text][\/vc_column][vc_column width=&#8221;1\/2&#8243; offset=&#8221;vc_col-lg-4 vc_col-md-4&#8243; css=&#8221;.vc_custom_1703518389913{margin-top: 45px !important;border-top-width: 15px !important;}&#8221;][vc_column_text]Ayr\u0131ca, stratejik konumu sayesinde g\u00fcmr\u00fck m\u00fcd\u00fcrl\u00fcklerine yak\u0131n bir lokasyonda bulunmaktay\u0131z.[\/vc_column_text][\/vc_column][\/vc_row][vc_row full_width=&#8221;stretch_row&#8221; css=&#8221;.vc_custom_1448346440762{margin-bottom: 0px !important;padding-top: 80px !important;padding-bottom: 60px !important;background-color: #1b4562 !important;}&#8221;][vc_column][vc_row_inner css=&#8221;.vc_custom_1449136946410{margin-bottom: 0px !important;}&#8221;][vc_column_inner width=&#8221;1\/2&#8243; css=&#8221;.vc_custom_1449136957585{margin-bottom: 35px !important;}&#8221;][stm_icon icon_size=&#8221;73&#8243; icon_height=&#8221;100&#8243; title_font_size=&#8221;24&#8243; title_font_weight=&#8221;700&#8243; icon=&#8221;stm-transport839&#8243; title=&#8221;Hava Ta\u015f\u0131mac\u0131l\u0131\u011f\u0131&#8221; text=&#8221;Hava ta\u015f\u0131mac\u0131l\u0131\u011f\u0131nda standard\u0131 belirliyoruz. K\u00fcresel a\u011f\u0131m\u0131z, y\u0131llar\u0131n deneyimine dayanan ve m\u00fc\u015fterilerimizin de\u011fi\u015fen ihtiya\u00e7lar\u0131ndan etkilenen, i\u015fletmelerin b\u00fcy\u00fcmesine yard\u0131mc\u0131 olacak g\u00fcce sahiptir. Yol uzmanlar\u0131m\u0131z operasyonel m\u00fckemmelli\u011fin yan\u0131 s\u0131ra uygun maliyetli \u00e7\u00f6z\u00fcmler de sa\u011flayacakt\u0131r.&#8221; link=&#8221;url:%2Fservices%2Fsea-freight%2F||&#8221; title_color=&#8221;#ffffff&#8221; text_color=&#8221;#ffffff&#8221;][\/vc_column_inner][vc_column_inner width=&#8221;1\/2&#8243; css=&#8221;.vc_custom_1449136961602{margin-bottom: 35px !important;}&#8221;][stm_icon icon_size=&#8221;89&#8243; icon_height=&#8221;100&#8243; title_font_size=&#8221;24&#8243; title_font_weight=&#8221;700&#8243; icon=&#8221;stm-ship&#8221; title=&#8221;Deniz Ta\u015f\u0131mac\u0131l\u0131\u011f\u0131&#8221; text=&#8221;Geni\u015f denizcilik a\u011f\u0131m\u0131z ve k\u00f6kl\u00fc deneyimimiz, i\u015fletmelerin lojistik ihtiya\u00e7lar\u0131na \u00f6zelle\u015ftirilmi\u015f \u00e7\u00f6z\u00fcmler sunarak, uluslararas\u0131 pazarlarda ba\u015far\u0131ya ula\u015fmalar\u0131na yard\u0131mc\u0131 oluyor. Denizcilik uzmanlar\u0131m\u0131z, sekt\u00f6rdeki en g\u00fcncel teknoloji ve operasyonel stratejilerle m\u00fckemmel hizmet sunman\u0131n yan\u0131 s\u0131ra maliyet-etkin ve verimli ta\u015f\u0131mac\u0131l\u0131k \u00e7\u00f6z\u00fcmleri sunuyor.&#8221; title_color=&#8221;#ffffff&#8221; text_color=&#8221;#ffffff&#8221; link=&#8221;url:%2Fservices%2Fsea-freight%2F||&#8221;][\/vc_column_inner][\/vc_row_inner][vc_row_inner css=&#8221;.vc_custom_1449136951770{margin-bottom: 0px !important;}&#8221;][vc_column_inner width=&#8221;1\/2&#8243; css=&#8221;.vc_custom_1449136966415{margin-bottom: 35px !important;}&#8221;][stm_icon icon_size=&#8221;89&#8243; icon_height=&#8221;100&#8243; title_font_size=&#8221;24&#8243; title_font_weight=&#8221;700&#8243; icon=&#8221;stm-transport842&#8243; title=&#8221;Karayolu Ta\u015f\u0131mac\u0131l\u0131\u011f\u0131&#8221; text=&#8221;G\u00fcnport&#8217;un d\u00fcnya \u00e7ap\u0131ndaki a\u011f\u0131, \u00fcr\u00fcnlerinizin da\u011f\u0131t\u0131m\u0131 i\u00e7in \u015firketinizin etkili ve ki\u015fiye \u00f6zel yurt i\u00e7i ve s\u0131n\u0131r \u00f6tesi programlar geli\u015ftirmesine yard\u0131mc\u0131 olacak iyi konumlanm\u0131\u015f ve niteliklidir. Yol uzmanlar\u0131m\u0131z operasyonel m\u00fckemmelli\u011fin yan\u0131 s\u0131ra transit s\u00fcresi a\u00e7\u0131s\u0131ndan ihtiya\u00e7lar\u0131n\u0131z\u0131 kar\u015f\u0131layan uygun maliyetli \u00e7\u00f6z\u00fcmler sa\u011flayacakt\u0131r.&#8221; title_color=&#8221;#ffffff&#8221; text_color=&#8221;#ffffff&#8221; link=&#8221;url:%2Fservices%2Fsea-freight%2F||&#8221;][\/vc_column_inner][vc_column_inner width=&#8221;1\/2&#8243; css=&#8221;.vc_custom_1449136971250{margin-bottom: 35px !important;}&#8221;][stm_icon icon_size=&#8221;89&#8243; icon_height=&#8221;100&#8243; title_font_size=&#8221;24&#8243; title_font_weight=&#8221;700&#8243; icon=&#8221;stm-warehouse&#8221; title=&#8221;Depolama&#8221; text=&#8221;G\u00fcvenli ve \u00f6zenli depolama hizmetleri sunuyoruz. Geni\u015f kapal\u0131 alanlar\u0131m\u0131z ve modern depolama sistemlerimizle m\u00fc\u015fterilerimizin envanterlerini korumak ve y\u00f6netmek i\u00e7in ideal \u00e7\u00f6z\u00fcmler sunuyoruz. Depolama s\u00fcre\u00e7lerimizde titizlikle izlenen standartlar\u0131m\u0131z ve m\u00fc\u015fteri odakl\u0131 yakla\u015f\u0131m\u0131m\u0131zla, her t\u00fcrl\u00fc \u00fcr\u00fcn ve malzeme i\u00e7in esnek depolama se\u00e7enekleri sunuyoruz. M\u00fc\u015fterilerimizin ihtiya\u00e7lar\u0131na uygun \u00e7\u00f6z\u00fcmlerle depolama alan\u0131nda g\u00fcvenilir bir partner olmay\u0131 hedefliyoruz.&#8221; title_color=&#8221;#ffffff&#8221; text_color=&#8221;#ffffff&#8221; link=&#8221;url:%2Fservices%2Fsea-freight%2F||&#8221;][\/vc_column_inner][\/vc_row_inner][\/vc_column][\/vc_row][vc_row full_width=&#8221;stretch_row&#8221; el_class=&#8221;secondary_bg_color&#8221; css=&#8221;.vc_custom_1448346766847{margin-bottom: 80px !important;}&#8221;][vc_column][vc_cta h2=&#8221;Hemen \u0130leti\u015fime Ge\u00e7in!&#8221; shape=&#8221;square&#8221; add_button=&#8221;right&#8221; btn_title=&#8221;Telefon ile ara&#8221; btn_style=&#8221;outline&#8221; btn_shape=&#8221;round&#8221; btn_color=&#8221;white&#8221; btn_i_align=&#8221;right&#8221; btn_i_icon_fontawesome=&#8221;stm-arrow-next&#8221; btn_add_icon=&#8221;true&#8221; el_class=&#8221;secondary_bg_color&#8221; btn_link=&#8221;url:tel%3A02126523224&#8243;][\/vc_cta][\/vc_column][\/vc_row][vc_row css=&#8221;.vc_custom_1449137019491{margin-bottom: 40px !important;}&#8221;][vc_column width=&#8221;1\/2&#8243;][vc_column_text css=&#8221;.vc_custom_1703452903857{margin-bottom: 30px !important;}&#8221;]<\/p>\n<h3>Etkili \u00e7\u00f6z\u00fcmler<\/h3>\n<p>D\u00fcnya \u00e7ap\u0131ndaki \u00f6nde gelen \u015firketlerin karma\u015f\u0131k tedarik zincirleri i\u00e7in etkili \u00e7\u00f6z\u00fcmler sunma konusundaki deneyimimizden siz de faydalan\u0131n. Hava ve deniz ta\u015f\u0131mac\u0131l\u0131\u011f\u0131ndan basit geni\u015fletmelerden, depolama alan\u0131nda geli\u015fmelere ya da tamamen yeni entegre tedarik zinciri modellerine kadar her t\u00fcrl\u00fc yenilikten yararlanabilirsiniz. Sekt\u00f6rdeki \u00f6nc\u00fc bilgi birikimimiz ve esnek yakla\u015f\u0131m\u0131m\u0131zla, i\u015fletmenizin ihtiya\u00e7lar\u0131na \u00f6zel \u00e7\u00f6z\u00fcmler sunarak b\u00fcy\u00fcme ve verimlilik hedeflerinize destek olmak i\u00e7in buraday\u0131z.[\/vc_column_text][\/vc_column][vc_column width=&#8221;1\/2&#8243;][vc_single_image image=&#8221;1422&#8243; img_size=&#8221;full&#8221; alignment=&#8221;right&#8221;][\/vc_column][\/vc_row][vc_row full_width=&#8221;stretch_row_content_no_spaces&#8221; equal_height=&#8221;yes&#8221; content_placement=&#8221;top&#8221; el_class=&#8221;secondary_bg_color services_icons reset-sm-paddings&#8221; css=&#8221;.vc_custom_1450671531930{margin-bottom: 0px !important;}&#8221;][vc_column css=&#8221;.vc_custom_1449204255225{padding-top: 75px !important;padding-right: 115px !important;padding-bottom: 75px !important;padding-left: 115px !important;}&#8221; offset=&#8221;vc_col-lg-4 vc_col-md-4&#8243;][stm_icon icon_size=&#8221;67&#8243; icon_height=&#8221;90&#8243; title_font_size=&#8221;24&#8243; title_font_weight=&#8221;700&#8243; align=&#8221;center&#8221; icon=&#8221;stm-security&#8221; title=&#8221;G\u00fcvenli ve Sa\u011flam&#8221; icon_color=&#8221;#ffffff&#8221; title_color=&#8221;#ffffff&#8221; text_color=&#8221;#ffffff&#8221;][\/vc_column][vc_column css=&#8221;.vc_custom_1449204260881{padding-top: 75px !important;padding-right: 115px !important;padding-bottom: 75px !important;padding-left: 115px !important;background-color: rgba(0,0,0,0.1) !important;*background-color: rgb(0,0,0) !important;}&#8221; offset=&#8221;vc_col-lg-4 vc_col-md-4&#8243;][stm_icon icon_size=&#8221;67&#8243; icon_height=&#8221;90&#8243; title_font_size=&#8221;24&#8243; title_font_weight=&#8221;700&#8243; align=&#8221;center&#8221; icon=&#8221;stm-fast-delivery&#8221; title=&#8221;H\u0131zl\u0131 Teslimat&#8221; icon_color=&#8221;#ffffff&#8221; title_color=&#8221;#ffffff&#8221; text_color=&#8221;#ffffff&#8221;][\/vc_column][vc_column css=&#8221;.vc_custom_1449204266169{padding-top: 75px !important;padding-right: 115px !important;padding-bottom: 75px !important;padding-left: 115px !important;background-color: rgba(0,0,0,0.2) !important;*background-color: rgb(0,0,0) !important;}&#8221; offset=&#8221;vc_col-lg-4 vc_col-md-4&#8243;][stm_icon icon_size=&#8221;67&#8243; icon_height=&#8221;90&#8243; title_font_size=&#8221;24&#8243; title_font_weight=&#8221;700&#8243; align=&#8221;center&#8221; icon=&#8221;stm-support&#8221; title=&#8221;\u0130leti\u015fim S\u00fcreklili\u011fi&#8221; icon_color=&#8221;#ffffff&#8221; title_color=&#8221;#ffffff&#8221; text_color=&#8221;#ffffff&#8221;][\/vc_column][\/vc_row]<\/p>\n<\/section>","protected":false},"excerpt":{"rendered":"<p>[vc_row css=&#8221;.vc_custom_1448347192284{margin-bottom: 70px !important;}&#8221;][vc_column offset=&#8221;vc_col-lg-4 vc_col-md-4&#8243;][vc_column_text css=&#8221;.vc_custom_1703452411645{margin-bottom: 40px !important;}&#8221;] Do\u011fru fiyata Kalite ve Performans [\/vc_column_text][\/vc_column][vc_column width=&#8221;1\/2&#8243; offset=&#8221;vc_col-lg-4 vc_col-md-4&#8243;][vc_column_text]D\u0131\u015f ticaret konusunda uzman kadrosuyla, m\u00fc\u015fteri odakl\u0131 hizmet anlay\u0131\u015f\u0131n\u0131 benimsemi\u015f ve sekt\u00f6rde h\u0131zl\u0131, g\u00fcvenilir ve rekabet\u00e7i&#8230;<\/p>\n","protected":false},"author":1,"featured_media":0,"parent":0,"menu_order":0,"comment_status":"closed","ping_status":"closed","template":"","meta":{"footnotes":""},"class_list":["post-642","page","type-page","status-publish","hentry"],"yoast_head":"<!-- This site is optimized with the Yoast SEO plugin v21.7 - https:\/\/yoast.com\/wordpress\/plugins\/seo\/ -->\n<title>Hizmetlerimiz - G\u00dcNPORT<\/title>\n<meta name=\"robots\" content=\"index, follow, max-snippet:-1, max-image-preview:large, max-video-preview:-1\" \/>\n<link rel=\"canonical\" href=\"https:\/\/gunport.com.tr\/?page_id=642\" \/>\n<meta property=\"og:locale\" content=\"tr_TR\" \/>\n<meta property=\"og:type\" content=\"article\" \/>\n<meta property=\"og:title\" content=\"Hizmetlerimiz - G\u00dcNPORT\" \/>\n<meta property=\"og:description\" content=\"[vc_row css=&#8221;.vc_custom_1448347192284{margin-bottom: 70px !important;}&#8221;][vc_column offset=&#8221;vc_col-lg-4 vc_col-md-4&#8243;][vc_column_text css=&#8221;.vc_custom_1703452411645{margin-bottom: 40px !important;}&#8221;] Do\u011fru fiyata Kalite ve Performans [\/vc_column_text][\/vc_column][vc_column width=&#8221;1\/2&#8243; offset=&#8221;vc_col-lg-4 vc_col-md-4&#8243;][vc_column_text]D\u0131\u015f ticaret konusunda uzman kadrosuyla, m\u00fc\u015fteri odakl\u0131 hizmet anlay\u0131\u015f\u0131n\u0131 benimsemi\u015f ve sekt\u00f6rde h\u0131zl\u0131, g\u00fcvenilir ve rekabet\u00e7i...\" \/>\n<meta property=\"og:url\" content=\"https:\/\/gunport.com.tr\/?page_id=642\" \/>\n<meta property=\"og:site_name\" content=\"G\u00dcNPORT\" \/>\n<meta property=\"article:publisher\" content=\"https:\/\/www.facebook.com\/profile.php?id=109573543886909&amp;paipv=0&amp;eav=AfaHbsgmfQCvt-LVJ4GEWmICBbee8wN3_yhOjs6gFYruWbVSuHctbV1s5X1AJCUjoKw&amp;_rdr\" \/>\n<meta property=\"article:modified_time\" content=\"2023-12-25T15:33:14+00:00\" \/>\n<meta name=\"twitter:card\" content=\"summary_large_image\" \/>\n<meta name=\"twitter:label1\" content=\"Tahmini okuma s\u00fcresi\" \/>\n\t<meta name=\"twitter:data1\" content=\"5 dakika\" \/>\n<script type=\"application\/ld+json\" class=\"yoast-schema-graph\">{\"@context\":\"https:\/\/schema.org\",\"@graph\":[{\"@type\":\"WebPage\",\"@id\":\"https:\/\/gunport.com.tr\/?page_id=642\",\"url\":\"https:\/\/gunport.com.tr\/?page_id=642\",\"name\":\"Hizmetlerimiz - G\u00dcNPORT\",\"isPartOf\":{\"@id\":\"https:\/\/gunport.com.tr\/#website\"},\"datePublished\":\"2015-11-24T05:41:19+00:00\",\"dateModified\":\"2023-12-25T15:33:14+00:00\",\"breadcrumb\":{\"@id\":\"https:\/\/gunport.com.tr\/?page_id=642#breadcrumb\"},\"inLanguage\":\"tr\",\"potentialAction\":[{\"@type\":\"ReadAction\",\"target\":[\"https:\/\/gunport.com.tr\/?page_id=642\"]}]},{\"@type\":\"BreadcrumbList\",\"@id\":\"https:\/\/gunport.com.tr\/?page_id=642#breadcrumb\",\"itemListElement\":[{\"@type\":\"ListItem\",\"position\":1,\"name\":\"Anasayfa\",\"item\":\"https:\/\/gunport.com.tr\/\"},{\"@type\":\"ListItem\",\"position\":2,\"name\":\"Hizmetlerimiz\"}]},{\"@type\":\"WebSite\",\"@id\":\"https:\/\/gunport.com.tr\/#website\",\"url\":\"https:\/\/gunport.com.tr\/\",\"name\":\"G\u00dcNPORT\",\"description\":\"Antrepo ve Lojistik\",\"publisher\":{\"@id\":\"https:\/\/gunport.com.tr\/#organization\"},\"potentialAction\":[{\"@type\":\"SearchAction\",\"target\":{\"@type\":\"EntryPoint\",\"urlTemplate\":\"https:\/\/gunport.com.tr\/?s={search_term_string}\"},\"query-input\":\"required name=search_term_string\"}],\"inLanguage\":\"tr\"},{\"@type\":\"Organization\",\"@id\":\"https:\/\/gunport.com.tr\/#organization\",\"name\":\"G\u00dcNPORT\",\"url\":\"https:\/\/gunport.com.tr\/\",\"logo\":{\"@type\":\"ImageObject\",\"inLanguage\":\"tr\",\"@id\":\"https:\/\/gunport.com.tr\/#\/schema\/logo\/image\/\",\"url\":\"http:\/\/www.gunport.com.tr\/wp-content\/uploads\/2023\/12\/WhatsApp_Gorsel_2023-12-24_saat_23.31.56_9a4a72a7-removebg-preview-removebg-preview.png\",\"contentUrl\":\"http:\/\/www.gunport.com.tr\/wp-content\/uploads\/2023\/12\/WhatsApp_Gorsel_2023-12-24_saat_23.31.56_9a4a72a7-removebg-preview-removebg-preview.png\",\"width\":444,\"height\":146,\"caption\":\"G\u00dcNPORT\"},\"image\":{\"@id\":\"https:\/\/gunport.com.tr\/#\/schema\/logo\/image\/\"},\"sameAs\":[\"https:\/\/www.facebook.com\/profile.php?id=109573543886909&paipv=0&eav=AfaHbsgmfQCvt-LVJ4GEWmICBbee8wN3_yhOjs6gFYruWbVSuHctbV1s5X1AJCUjoKw&_rdr\",\"https:\/\/www.instagram.com\/gunportantrepolojistik\/\",\"https:\/\/g.co\/kgs\/AQiH8u\"]}]}<\/script>\n<!-- \/ Yoast SEO plugin. -->","yoast_head_json":{"title":"Hizmetlerimiz - G\u00dcNPORT","robots":{"index":"index","follow":"follow","max-snippet":"max-snippet:-1","max-image-preview":"max-image-preview:large","max-video-preview":"max-video-preview:-1"},"canonical":"https:\/\/gunport.com.tr\/?page_id=642","og_locale":"tr_TR","og_type":"article","og_title":"Hizmetlerimiz - G\u00dcNPORT","og_description":"[vc_row css=&#8221;.vc_custom_1448347192284{margin-bottom: 70px !important;}&#8221;][vc_column offset=&#8221;vc_col-lg-4 vc_col-md-4&#8243;][vc_column_text css=&#8221;.vc_custom_1703452411645{margin-bottom: 40px !important;}&#8221;] Do\u011fru fiyata Kalite ve Performans [\/vc_column_text][\/vc_column][vc_column width=&#8221;1\/2&#8243; offset=&#8221;vc_col-lg-4 vc_col-md-4&#8243;][vc_column_text]D\u0131\u015f ticaret konusunda uzman kadrosuyla, m\u00fc\u015fteri odakl\u0131 hizmet anlay\u0131\u015f\u0131n\u0131 benimsemi\u015f ve sekt\u00f6rde h\u0131zl\u0131, g\u00fcvenilir ve rekabet\u00e7i...","og_url":"https:\/\/gunport.com.tr\/?page_id=642","og_site_name":"G\u00dcNPORT","article_publisher":"https:\/\/www.facebook.com\/profile.php?id=109573543886909&paipv=0&eav=AfaHbsgmfQCvt-LVJ4GEWmICBbee8wN3_yhOjs6gFYruWbVSuHctbV1s5X1AJCUjoKw&_rdr","article_modified_time":"2023-12-25T15:33:14+00:00","twitter_card":"summary_large_image","twitter_misc":{"Tahmini okuma s\u00fcresi":"5 dakika"},"schema":{"@context":"https:\/\/schema.org","@graph":[{"@type":"WebPage","@id":"https:\/\/gunport.com.tr\/?page_id=642","url":"https:\/\/gunport.com.tr\/?page_id=642","name":"Hizmetlerimiz - G\u00dcNPORT","isPartOf":{"@id":"https:\/\/gunport.com.tr\/#website"},"datePublished":"2015-11-24T05:41:19+00:00","dateModified":"2023-12-25T15:33:14+00:00","breadcrumb":{"@id":"https:\/\/gunport.com.tr\/?page_id=642#breadcrumb"},"inLanguage":"tr","potentialAction":[{"@type":"ReadAction","target":["https:\/\/gunport.com.tr\/?page_id=642"]}]},{"@type":"BreadcrumbList","@id":"https:\/\/gunport.com.tr\/?page_id=642#breadcrumb","itemListElement":[{"@type":"ListItem","position":1,"name":"Anasayfa","item":"https:\/\/gunport.com.tr\/"},{"@type":"ListItem","position":2,"name":"Hizmetlerimiz"}]},{"@type":"WebSite","@id":"https:\/\/gunport.com.tr\/#website","url":"https:\/\/gunport.com.tr\/","name":"G\u00dcNPORT","description":"Antrepo ve Lojistik","publisher":{"@id":"https:\/\/gunport.com.tr\/#organization"},"potentialAction":[{"@type":"SearchAction","target":{"@type":"EntryPoint","urlTemplate":"https:\/\/gunport.com.tr\/?s={search_term_string}"},"query-input":"required name=search_term_string"}],"inLanguage":"tr"},{"@type":"Organization","@id":"https:\/\/gunport.com.tr\/#organization","name":"G\u00dcNPORT","url":"https:\/\/gunport.com.tr\/","logo":{"@type":"ImageObject","inLanguage":"tr","@id":"https:\/\/gunport.com.tr\/#\/schema\/logo\/image\/","url":"http:\/\/www.gunport.com.tr\/wp-content\/uploads\/2023\/12\/WhatsApp_Gorsel_2023-12-24_saat_23.31.56_9a4a72a7-removebg-preview-removebg-preview.png","contentUrl":"http:\/\/www.gunport.com.tr\/wp-content\/uploads\/2023\/12\/WhatsApp_Gorsel_2023-12-24_saat_23.31.56_9a4a72a7-removebg-preview-removebg-preview.png","width":444,"height":146,"caption":"G\u00dcNPORT"},"image":{"@id":"https:\/\/gunport.com.tr\/#\/schema\/logo\/image\/"},"sameAs":["https:\/\/www.facebook.com\/profile.php?id=109573543886909&paipv=0&eav=AfaHbsgmfQCvt-LVJ4GEWmICBbee8wN3_yhOjs6gFYruWbVSuHctbV1s5X1AJCUjoKw&_rdr","https:\/\/www.instagram.com\/gunportantrepolojistik\/","https:\/\/g.co\/kgs\/AQiH8u"]}]}},"_links":{"self":[{"href":"https:\/\/gunport.com.tr\/index.php?rest_route=\/wp\/v2\/pages\/642","targetHints":{"allow":["GET"]}}],"collection":[{"href":"https:\/\/gunport.com.tr\/index.php?rest_route=\/wp\/v2\/pages"}],"about":[{"href":"https:\/\/gunport.com.tr\/index.php?rest_route=\/wp\/v2\/types\/page"}],"author":[{"embeddable":true,"href":"https:\/\/gunport.com.tr\/index.php?rest_route=\/wp\/v2\/users\/1"}],"replies":[{"embeddable":true,"href":"https:\/\/gunport.com.tr\/index.php?rest_route=%2Fwp%2Fv2%2Fcomments&post=642"}],"version-history":[{"count":2,"href":"https:\/\/gunport.com.tr\/index.php?rest_route=\/wp\/v2\/pages\/642\/revisions"}],"predecessor-version":[{"id":1470,"href":"https:\/\/gunport.com.tr\/index.php?rest_route=\/wp\/v2\/pages\/642\/revisions\/1470"}],"wp:attachment":[{"href":"https:\/\/gunport.com.tr\/index.php?rest_route=%2Fwp%2Fv2%2Fmedia&parent=642"}],"curies":[{"name":"wp","href":"https:\/\/api.w.org\/{rel}","templated":true}]}}